ctor of i and a.
21
Let k be 5/(-1)*(-134 + 118). Calculate the highest common divisor of 176 and k.
16
Suppose i + 4 = 8. Let t be 8/(-4) + i + 2. Suppose 0 = 2*j, 0 = -4*m - t*j + 4. Calculate the greatest common factor of 1 and m.
1
Let s be (-4 - 45/(-10))/((-2)/(-204)). Let m(d) = 5*d**2 + 2*d + 2. Let n be m(3). Let a = s + n. Calculate the highest common factor of a and 13.
13
Suppose 0 = -8*a + 3*a + 15. Suppose 5*b - 18 + 3 = -3*u, 0 = a*b. Let i(f) = 2*f**2 - 2. Let s be i(u). Calculate the highest common factor of 12 and s.
12
Suppose -3*s = -2*c - 620, 3*s + s - c - 820 = 0. Suppose s = 3*h - 5*w, -120 + 297 = 3*h + 4*w. Calculate the highest common divisor of h and 7.
7
Suppose 4 = -w + 3*w. Let h = 42 - 45. Let d be (h + 23)/(w/8). Calculate the highest common divisor of d and 10.
10
Let i(f) = f**3 - 6*f**2 + 5*f - 6. Let m be i(6). Suppose 25*t - m*t = 10. Calculate the highest common divisor of t and 40.
10
Let u(s) = -s + 35 - 2*s**3 + s**3 + 7*s**2 - 2*s - s. Let o be u(7). Calculate the greatest common factor of 21 and o.
7
Let h be 0/13 - -1*134*1. Suppose -h = 2*c - 476. Calculate the greatest common divisor of c and 19.
19
Let w(h) be the first derivative of h**4/4 - h**3 + h**2 + 2*h + 1. Let f be w(2). What is the greatest common factor of 2 and f?
2
Suppose 41 = 3*s + 5*k + 1, -3*k = 2*s - 25. Suppose -a = -4*q + 89, s*a + 1 = -5*q + 81. What is the highest common divisor of 21 and q?
21
Let h = 1938 - 1087. What is the greatest common divisor of 37 and h?
37
Let g be (-1 + (-4)/12)*-15. Suppose 0 = h - 3*x - g, 43 = -2*h - 4*x + 123. Let q(n) = -17*n - 1. Let w be q(-1). What is the highest common factor of w and h?
16
Suppose s + 102 = 5*p + 3*s, p + 4*s - 6 = 0. Suppose -17*k - 20 = -p*k. Suppose 2*w - 5*w + 132 = 0. Calculate the greatest common factor of w and k.
4
Suppose i = -5*w - 15, i + 2*i - 5*w + 5 = 0. Let h(p) = 2*p**2 + 3*p + 5. Let l be h(i). What is the highest common divisor of 8 and l?
8
Let z(o) = 3*o**2 - 15*o - 102. Let t be z(-10). Calculate the greatest common divisor of 24 and t.
12
Let i(x) = -3*x**3 + x**2 + 4*x - 9. Let j be i(3). Let l = j + 106. What is the greatest common divisor of l and 37?
37
Let u be (-2 - -2)/(-1) + 77. Suppose 3*q + 49 = 3*k - q, 0 = -4*k - 2*q + 36. What is the highest common factor of k and u?
11
Let t(i) = 2*i**2 - 2*i - 13. Let g be t(0). Let s = g - -35. Calculate the greatest common divisor of 2 and s.
2
Suppose 0 = 4*b - 4*s - 144, -5*b + 7*b - 4*s = 64. Calculate the highest common divisor of b and 45.
5
Let u(v) = 5*v + 17. Let n(m) = m + 11. Let t be n(-8). Let j be u(t). What is the greatest common factor of 2 and j?
2
Suppose -84 = -4*y - 4*a, 5*y + 2*a - 99 = -a. Let k = 6 - 6. Let o = k - -162. Calculate the greatest common divisor of o and y.
18
Suppose 4*c = 4*z - 64, 8*c + 68 = 5*z + 7*c. Calculate the highest common divisor of 1079 and z.
13
Let q = 80 - 58. Let j(w) = w + 11. Let o be j(q). What is the highest common factor of o and 363?
33
Suppose -5*f + 2143 = 56*u - 57*u, -f = 4*u - 437. What is the greatest common factor of f and 66?
33
Let t be 523/5 + (-189)/315. What is the highest common factor of t and 286?
26
Let i = -1094 + 1120. What is the greatest common divisor of 598 and i?
26
Let s(o) = -o + 8. Let z be s(6). Suppose 0 = -z*r - 11 - 15. Let g = 27 + r. Calculate the highest common factor of 14 and g.
14
Suppose 4*g = 5*v + 72, -3*g + 0*g + 54 = -v. What is the highest common factor of 1926 and g?
18
Suppose 115 - 127 = -3*j. What is the highest common divisor of j and 68?
4
Suppose 381*m = 394*m - 546. Calculate the greatest common factor of m and 658.
14
Let j = -69 - -202. Calculate the greatest common divisor of j and 7.
7
Let u(m) = -7*m + 13. Let n = -121 + 121. Let y be u(n). Calculate the highest common factor of y and 13.
13
Let v = 519 + -310. Let h(n) = -n**3 + 8*n**2 - 19*n + 39. Let m be h(5). Calculate the greatest common factor of v and m.
19
Suppose -13 + 223 = 5*f. Let b = -57 + 51. Let p be (-2)/b*f/7. What is the highest common factor of p and 18?
2
Let l = 21 - 11. Suppose 0 = -u + 10 - 59. Let r = u - -119. Calculate the greatest common divisor of r and l.
10
Let f be (-18)/4 + 13/(-26). Let r(w) = -w**2 - 8*w - 8. Let x be r(f). What is the greatest common divisor of 63 and x?
7
Let u be (-1703)/(-1*(-3)/(-3)). Let q be (-8)/28 - 0 - u/(-7). What is the highest common divisor of 27 and q?
27
Suppose 0 = 5*l - 61 - 69. Let n be 26*-1*6/(-4). Calculate the highest common factor of n and l.
13
Let x = -156 + 157. Calculate the greatest common divisor of 9 and x.
1
Let t be 4/4*-6 - -46. What is the greatest common divisor of t and 15?
5
Let m(y) = y**2 - 15*y + 11. Let u be m(15). Suppose -11*s + 16*s = 165. Calculate the greatest common factor of s and u.
11
Let y = 1164 + -1110. Calculate the highest common divisor of 144 and y.
18
Let o = 283 - 186. Let f = o + -57. Let a(s) = -s + 5. Let m be a(-5). What is the highest common factor of f and m?
10
Suppose 8 - 38 = 2*u. Let h be (-3)/15 - 153/u. Suppose 2*f - 7*f - 345 = -3*t, 0 = -4*t + 2*f + 446. What is the greatest common factor of h and t?
10
Let a be 3 - (1 + 2) - -17. Suppose a*j - 105 = 12*j. Calculate the greatest common divisor of 21 and j.
21
Let p = 1181 + -1140. What is the highest common factor of p and 451?
41
Let b be 6*-2*(-10)/(-8). Let q be (b/2)/(9/12). Let o = q + 59. Calculate the greatest common factor of 7 and o.
7
Let i(n) = -n**2 + 9*n - 4. Let c = -2 - -7. Let u be i(c). Let k be (160/6)/1*(-18)/(-12). Calculate the greatest common factor of u and k.
8
Suppose -9*l = -14*l - 25, 5*z + 2*l = 60. Let k(n) = -n - 3. Let f be k(-8). Suppose f*r = 35 + 140. Calculate the greatest common factor of z and r.
7
Let d(c) = 3*c**2 - c - 49. Let h be d(-7). What is the greatest common factor of h and 75?
15
Let u(n) be the second derivative of -n**4/12 + 5*n**3/2 - 3*n**2 + n. Let z be u(11). Suppose 2 = -t + z. Calculate the highest common divisor of 4 and t.
4
Let l be (-2)/(-9) - (-1116)/81. Suppose -5*k + 11 + l = 0. Suppose -5*x - 4*c = -515, -c + k*c + 475 = 5*x. What is the greatest common factor of 9 and x?
9
Let f(g) = 2*g**2 + 5*g + 1. Let y be f(-5). Suppose 5*s - 36*w + 34*w - 55 = 0, -s + 28 = 3*w. Calculate the highest common divisor of s and y.
13
Suppose -9*n + 85 = -4*n. Suppose 0 = w - 4*h - n, -w - 5*h + 1 = -7. What is the highest common divisor of w and 143?
13
Suppose 0*y = -3*f + 2*y + 6, -y = -4*f + 13. Suppose f*j = p - j + 26, 6 = 4*p + 2*j. Let l be p/1 + (27 - -4). Calculate the highest common factor of 6 and l.
6
Let w(y) = -43*y + 283. Let q be w(4). What is the greatest common divisor of 222 and q?
111
Let d(p) = 19*p**2 + 5*p + 16. Let z(f) = f**2 + 5*f + 1. Let v be z(-4). Let r be d(v). Calculate the greatest common divisor of r and 43.
43
Suppose 2*u + 14 = 90. Suppose -a - 194 - 34 = -4*o, -2*a = 4*o - 228. What is the greatest common divisor of u and o?
19
Let q = 874 - -155. What is the highest common factor of 21 and q?
21
Suppose 9*m = 456 - 402. Let j = -4 + 6. Suppose 108 - 12 = j*v. Calculate the greatest common factor of v and m.
6
Let d(r) = 0*r**2 - 7*r + 0*r**2 - 7 - 2*r**2 - 6*r**3 - 11*r**3. Let n be d(-2). Calculate the highest common divisor of 90 and n.
45
Suppose o + 19 = -5*d, -2*o = o + 2*d + 5. Suppose -4*y = -6*y + 6. Let w be y + -4 + 60/5. Calculate the highest common divisor of w and o.
1
Let i = 156 - -372. Calculate the greatest common divisor of 44 and i.
44
Let l(g) = -51*g - 92*g - 57*g. Let m be l(-1). Let u be 427/17 + (4 - ((-3080)/187)/(-4)). What is the highest common factor of u and m?
25
Let p = -14 + 21. Suppose -8*j = -p*j + 164. Let k be 4 - (j/1)/4. What is the highest common factor of k and 5?
5
Suppose 4*m - x = 2*x + 880, -2*m + 440 = x. Let z = 37 - 40. Let j be z*(-3 - -2) - (-6 - 11). Calculate the greatest common divisor of j and m.
20
Let u be (2/(-2))/((-18)/144). Suppose -3*i + 7*i - 5*k = -u, 2*i = 3*k - 6. Let o be 32/12*(-9)/(-4). What is the highest common divisor of o and i?
3
Let l = -1015 - -1532. What is the highest common divisor of 11 and l?
11
Suppose 13 = 2*t - 3*t + 3*q, -t - 13 = -2*q. Let p = 1 - t. Suppose -5*v = -4*v - 21. Calculate the g